e t(5). Let l(x) = 2*x**2 - 6*x + 5. Give l(r).
25
Suppose -4*b - i - 27 + 13 = 0, 0 = 5*i - 10. Let o(p) = p - 1. Calculate o(b).
-5
Let i be (-44)/((1 - 3)/(-2)). Let f be (i/8 - -1)*-6. Let y = -29 + f. Let a(t) = 2*t**2 - t. Give a(y).
10
Let w(m) = 1 - 3*m**2 - 10*m**2 + 2*m**2 + 3*m - 2*m. Calculate w(-1).
-11
Let f(u) = 119 - 11*u**2 - u**3 - 250 - 8*u + 121. What is f(-10)?
-30
Let l be (-15)/12 + 1 + (-58)/(-8). Let p(x) be the first derivative of x**2 - 8*x + 15. Calculate p(l).
6
Suppose 0 = -5*b - t - 3 - 7, 4*b + 8 = 3*t. Let m(q) = q**3 + 3*q**2 - q - 3. Let u(i) = 2*i**3 + 5*i**2 - 3*i - 6. Let j(g) = 5*m(g) - 3*u(g). Calculate j(b).
3
Let q(d) = 0*d - d**2 - 66 - 2*d - 2*d + 3*d - d**3 + 62. Let l(r) = -r - 5. Let n be l(-5). Calculate q(n).
-4
Let o = -99 - -105. Let u(v) = o + 8*v - v - 3. What is u(-4)?
-25
Let w(c) = -8*c**2 + 3*c - 26. Let t(z) = -3*z**2 + z - 9. Let k(r) = 11*t(r) - 4*w(r). What is k(-5)?
-15
Let a(f) = 5 + 55*f - 42*f - 14*f. What is a(-2)?
7
Let r be ((-2695)/66)/(-35) - (-1)/(-6). Let p(q) = -13*q**2 + q. Let d(h) = -h**2. Let s(t) = -6*d(t) + p(t). Determine s(r).
-6
Let j(b) = -10. Let w(u) = -8*u + 59. Let d(a) = 2*j(a) + w(a). What is d(6)?
-9
Let o(g) = g**2 - 9*g - 2. Suppose 0 = 5*l - 2*u - 56, 0*u = l - 2*u - 16. Calculate o(l).
8
Let g(w) = -w**2 + 0 - 2 + 4*w - 2 + 6. Suppose 10*d = 2*z + 12*d, 2*z = 4*d + 30. Determine g(z).
-3
Let d(x) be the third derivative of -x**5/15 + x**4/12 + x**3/6 + x**2. Let l(v) = -37*v - 75. Let w be l(-2). What is d(w)?
-5
Let r(x) = -x - 2. Let m(t) = t**2 - 6*t - 1. Let w(j) = -m(j) + 4*r(j). Calculate w(3).
-10
Let x(u) = -u + 1. Suppose 2*n = -3*q, -21 = -5*n - q + 4*q. Suppose -5*m - 20 = n*h, -4*h = 3*m - 3*h + 12. Calculate x(m).
5
Let i(w) be the third derivative of -w**6/120 - 7*w**5/60 + w**4/12 + w**3/2 - 12*w**2 - w. Let m = -3 - 4. Determine i(m).
-11
Let y(h) = h**2 + 3*h - 30. Let a(r) = r**2 + 20*r - 7. Let i be a(-20). Give y(i).
-2
Let m be ((28/(-12))/(-7))/((-1)/(-111)). Let d(r) = -3*r + r - m*r**2 - 4 + 38*r**2. Let x(u) = -u**2 + 3*u + 3. Let l be x(3). What is d(l)?
-1
Let b(x) = x**2 + 3*x - 1. Let t be ((-105)/42)/(5/10). What is b(t)?
9
Suppose -5*i = -25, 4*i - 36 = -0*k - 4*k. Let s(x) = -4*x**3 + 4*x + 7. Let c(w) = 5*w**3 - w**2 - 4*w - 8. Let m(o) = k*s(o) + 3*c(o). What is m(-3)?
-8
Let f(d) = 2 + 2 - 5 + 2*d + 3. Determine f(-1).
0
Let x(d) = 7*d + 2. Let n(i) = -20*i - 5. Let l(v) = 6*n(v) + 17*x(v). Let j = 61 + -48. Suppose 3*c + 14 = -4*w, 3*c + w = 5*c + j. What is l(c)?
10
Let s(u) = u**2 + 11*u - 12. Suppose 32*k - 11*k = -231. Determine s(k).
-12
Let b(n) = n + 2. Let i = 6 + -7. Let u be b(i). Let x(z) = 2 + 3*z - 2*z - u. What is x(-3)?
-2
Let m(w) = w**2 - w. Suppose k + 2*q - 30 + 10 = 0, -4*k = 3*q - 80. Suppose 2*y = 4*x - k, 0*x - 2*x = -4*y - 22. Calculate m(y).
20
Let v(g) be the first derivative of g**6/360 + g**5/20 - g**4/6 + 4*g**3/3 - 8. Let n(b) be the third derivative of v(b). Calculate n(-3).
-13
Let d = 3620 - 3624. Let v(c) be the second derivative of -c**4/12 - 2*c**3/3 + c**2/2 + c. What is v(d)?
1
Let j(h) = -7*h - 9*h + 24*h - 9*h - 22. Calculate j(-10).
-12
Let p(c) = c**2 + 2*c + 5. Let k be (25/(-20))/((-4)/48*-3). What is p(k)?
20
Let v(a) be the third derivative of -a**6/120 - a**5/60 + a**4/24 + a**3/3 - 32*a**2 - 2. Give v(-2).
4
Let r(d) be the first derivative of d**3/6 - 3*d**2 + 2*d + 12. Let t(u) be the first derivative of r(u). Let q be 5 - -1 - (-2 - -1). What is t(q)?
1
Let z = 37 - 49. Let u = z + 7. Let r(l) = l + 2. Give r(u).
-3
Let h be -2 + 342/(-95) + (-4)/10. Let x(t) = -t + 2. Determine x(h).
8
Suppose -2*f + 8 = -4*f. Let j(n) = n**2 + n - 1. Give j(f).
11
Let o(v) = v**2 + 77 + 0*v + 9*v - 68. Give o(-9).
9
Let p be (1/2)/(1/10). Let g(w) = -115*w**2 + 65*w**2 - 9*w + 51*w**2 + 5 + 2*w. Give g(p).
-5
Let b = 43 - 40. Let v(h) = -b*h**2 + 2*h**2 - 7 + 13*h - 8*h. Calculate v(5).
-7
Let q(b) = -8*b - 1. Suppose -2*v - 59 + 57 = 0. Determine q(v).
7
Let n(m) = m**3 - 29*m**2 - 63*m + 27. Let j be n(31). Let x(p) = 2*p**2 + 5*p + 6. Give x(j).
18
Let n(i) be the second derivative of -i**3/3 - i**2 - 81*i. Suppose 9 = m + 2*h, h + 9 + 3 = 5*m. What is n(m)?
-8
Let g(p) = -7*p**3 - 5*p**2 - 13*p - 7. Let a(f) = -11*f**3 - 7*f**2 - 20*f - 10. Let x = 11 - 6. Let j(z) = x*a(z) - 8*g(z). What is j(-4)?
6
Let p(x) be the first derivative of x**4/4 + 4*x**3/3 - x**2/2 - 3*x - 67. Determine p(-4).
1
Let v(i) = -i + 10. Let c be v(7). Suppose 0*r - 2*r + 6 = -a, c*r = 6. Let m(d) be the third derivative of d**4/8 - d**3/6 - 43*d**2. Determine m(a).
-7
Let v(g) be the third derivative of g**5/40 + g**4/24 + g**3/6 + 5*g**2. Let q(z) be the first derivative of v(z). Calculate q(1).
4
Let i(p) = -p**2 + 2*p - 2. Suppose 2*y = 4*s + 10, 2*y + 4 = s + 11. Calculate i(y).
-5
Let x = -1 - 0. Let h be 40/15*(-12)/8. Let m = h + x. Let t(l) = -l**2 - 6*l + 3. Determine t(m).
8
Let p(f) = -7 + f**3 + 20 - 5*f**2 - f - 13. What is p(4)?
-20
Let l(p) = p**3 - 3*p**2 - p**2 - 3*p**2 + p**2 + 6 + 5*p. Let y be l(5). Suppose -3*a = -0*a - y. Let j(m) = m**3 - 2*m**2 + 2*m. Determine j(a).
4
Let x(n) = -23*n**3 - 2*n**2 + n. Let v be ((-198)/(-24) - 8)*4. Give x(v).
-24
Let r(s) = s - 5. Let l = 39 - 33. Suppose 2*g = 3*z + l, -3*g + 1 + 7 = -5*z. Give r(g).
1
Let c be 6/(-15) + (-9)/15. Let b(w) = 4858*w**2 - 4*w - 4850*w**2 + 4*w. What is b(c)?
8
Let u = -3 + 5. Let c(m) = -6*m + 6 - m**2 - u - 6. Determine c(-6).
-2
Let l(g) be the third derivative of -36*g**2 + 1/24*g**4 + 0 - 1/2*g**3 + 0*g. Determine l(0).
-3
Suppose 7*c - 3*c - 8*c = 0. Suppose -4*b - 2*q - 2 = 0, -q = -3*b - 6*q - 5. Let v(w) = -3*w - 2 + 2*w + b*w. What is v(c)?
-2
Let o(r) be the third derivative of r**6/120 + r**5/20 - r**4/24 + 5*r**3/6 + r**2. Suppose 151 = -5*t + 5*l + 91, 0 = -2*t - l. Calculate o(t).
-7
Let a(y) be the first derivative of y**2/2 + 2*y - 45. Calculate a(5).
7
Let g(m) = -2 - m + 5 - 6. Let a(j) = j**3 + 6*j**2. Let c be a(-6). Let n be g(c). Let o(h) = -h**2 - 4*h - 4. What is o(n)?
-1
Let t(n) = -3*n + 5. Let a(o) = -o + 2. Let h(j) = -7*a(j) + 2*t(j). Let r = 0 + 3. Let k be (r/(-2))/((-30)/80). Give h(k).
0
Let v(g) be the third derivative of -g**6/30 - g**5/30 + g**4/24 + g**3/6 - 6*g**2 + g. Determine v(-1).
2
Let m(j) be the first derivative of j**3/3 - 17*j**2/2 + 15*j - 60. Give m(16).
-1
Let n(w) = 4*w. Let v = 52 - 31. Let t = v - 15. Let u(r) = 3*r. Let c(x) = t*u(x) - 5*n(x). Determine c(-2).
4
Suppose -19*z - 40 = -27*z. Let o(d) be the third derivative of -2*d**2 + 1/4*d**4 - 2/3*d**3 - 1/60*d**z + 0 + 0*d. Determine o(3).
5
Suppose -3*r + 177 = 3*m - 6*m, m + 181 = 3*r. Let l(p) = p - r + 29 + 24. Give l(5).
-3
Let m(t) be the first derivative of -6*t + 1/2*t**2 - 10. Suppose -4*r = 5*k - 14, 2*r + 16 = 3*r - 5*k. Give m(r).
0
Let s(w) be the first derivative of -w**4/4 + 10*w**3/3 - w**2 + 13*w + 115. What is s(10)?
-7
Let w(s) = -s + 1. Let f(q) = -3*q + 3. Let o(m) = 2*f(m) - 7*w(m). Give o(7).
6
Suppose -6*y + y + 10 = 0. Suppose -4*x + 4*f = x - 34, 2 = -y*f. Let o(v) = v**2 - 5*v + 4. Give o(x).
10
Let h(l) be the first derivative of l**5/20 - l**4/4 - l**3 + 4. Let q(n) be the third derivative of h(n). Suppose -d + 5 - 1 = 0. Determine q(d).
18
Let k(l) be the second derivative of l**5/20 + 5*l**4/6 + 5*l**3/3 + 6*l**2 - 26*l - 1. Determine k(-9).
3
Let s(a) = a**3 + 12*a**2 - 16*a - 11. Let p be (-3)/(495/117 + -4). Calculate s(p).
28
Let w be (-6)/(-21) + (-115)/35. Let h be 5 + -5 - w/(-3). Let i(g) = g + 1. Let p(u) = -7*u - 5. Let f(q) = 6*i(q) + p(q). Determine f(h).
2
Let j(p) = -8*p - 2. Suppose -5*l + o = 10, -44*l + 40*l = 4*o - 16. What is j(l)?
6
Suppose 4*t = z + 1 + 3, 5*t = z + 5. Suppose -i = t - 4. Let u(r) = -3*r**2 + 2 - 5*r + i*r**2 + r**2. Determine u(2).
-4
Let r(q) = -q**3 + 5*q**2 - 4*q + 1. Let n(t) = -7*t - 52. Let h be n(-8). Suppose -w - h*k + 27 = 4*w, -5*k = 4*w - 27. Calculate r(w).
7
Let r(q) be the first derivative of -7/2*q**2 - 1/3*q**3 - 9 - 4*q. Suppose -2*u + 8 = -5*t, -3*u + 4*t + 2 = -t. Determine r(u).
2
Let c(y) = 2*y**2 - 2*y - 1. Suppose 0*n + 3*n + 6 = 0. Let t(a) = a**3 + a**2 + a - 3. Let s be t(n). Let b(x) = -x**2 - 7*x + 20. L